{"id":582,"date":"2022-05-07T02:29:41","date_gmt":"2022-05-07T02:29:41","guid":{"rendered":"http:\/\/localhost:8888\/kromtekstore\/?post_type=product&#038;p=582"},"modified":"2024-11-21T00:00:56","modified_gmt":"2024-11-21T00:00:56","slug":"bota-touring-para-caballero-negra-2","status":"publish","type":"product","link":"https:\/\/www.kromtekstore.com\/?product=bota-touring-para-caballero-negra-2","title":{"rendered":"Bota Urbana Touring para caballero, negra"},"content":{"rendered":"<p><strong>Impermeable<\/strong><\/p>\n<p><strong>PARTE SUPERIOR:<\/strong><\/p>\n<p>Cuero de ante natural, malla durable.<\/p>\n<p><strong>FORRO:<\/strong><\/p>\n<p>C\u00f3modo, con respiraci\u00f3n y acolchonado suave en el \u00e1rea del tobillo.<\/p>\n<p><strong>REFUERZOS:<\/strong><\/p>\n<p>Protecci\u00f3n de tobillo r\u00edgido integrado a los lados, base de hule, refuerzo en tobillo y tal\u00f3n.<\/p>\n<p><strong>CIERRE:<\/strong><\/p>\n<p>Cintas y Velcro.<\/p>\n<p><strong>COSTURA:<\/strong><\/p>\n<p>Doble costura en \u00e1reas con alta tensi\u00f3n.<\/p>\n<p><strong>SUELA:<\/strong><\/p>\n<p>La suela de hule natural ofrece un excelente agarre y permite una flexibilidad natural.<\/p>\n<p><strong>PLANTILLA:<\/strong><\/p>\n<p>Anat\u00f3mica y reemplazable.<\/p>\n<p><strong>COLOR:<\/strong><\/p>\n<p>Negro<\/p>\n<p>Tallas: 27, 28, 29<\/p>\n","protected":false},"excerpt":{"rendered":"<p>Zapato para motociclista tipo urbano de cuero de ante natural y malla durable que permite la ventilaci\u00f3n en climas c\u00e1lidos. Cuenta con protecciones en tobillo, refuerzo en tobillo y tal\u00f3n, adem\u00e1s de superficie antiderrapante en la zona del empeine para realizar los cambios de velocidad y en la suela para obtener el mayor agarre sin importar la superficie que se pise. Ideal para rodadas cortas o para su uso en ciudad.<\/p>\n","protected":false},"featured_media":588,"comment_status":"open","ping_status":"closed","template":"","meta":[],"product_cat":[23],"product_tag":[],"_links":{"self":[{"href":"https:\/\/www.kromtekstore.com\/index.php?rest_route=\/wp\/v2\/product\/582"}],"collection":[{"href":"https:\/\/www.kromtekstore.com\/index.php?rest_route=\/wp\/v2\/product"}],"about":[{"href":"https:\/\/www.kromtekstore.com\/index.php?rest_route=\/wp\/v2\/types\/product"}],"replies":[{"embeddable":true,"href":"https:\/\/www.kromtekstore.com\/index.php?rest_route=%2Fwp%2Fv2%2Fcomments&post=582"}],"wp:featuredmedia":[{"embeddable":true,"href":"https:\/\/www.kromtekstore.com\/index.php?rest_route=\/wp\/v2\/media\/588"}],"wp:attachment":[{"href":"https:\/\/www.kromtekstore.com\/index.php?rest_route=%2Fwp%2Fv2%2Fmedia&parent=582"}],"wp:term":[{"taxonomy":"product_cat","embeddable":true,"href":"https:\/\/www.kromtekstore.com\/index.php?rest_route=%2Fwp%2Fv2%2Fproduct_cat&post=582"},{"taxonomy":"product_tag","embeddable":true,"href":"https:\/\/www.kromtekstore.com\/index.php?rest_route=%2Fwp%2Fv2%2Fproduct_tag&post=582"}],"curies":[{"name":"wp","href":"https:\/\/api.w.org\/{rel}","templated":true}]}}