{"id":418,"date":"2022-05-06T03:48:14","date_gmt":"2022-05-06T03:48:14","guid":{"rendered":"http:\/\/localhost:8888\/kromtekstore\/?post_type=product&#038;p=418"},"modified":"2024-11-21T00:00:54","modified_gmt":"2024-11-21T00:00:54","slug":"chamarra-de-piel-para-caballero-negro-con-blanco-y-rojo","status":"publish","type":"product","link":"https:\/\/www.kromtekstore.com\/?product=chamarra-de-piel-para-caballero-negro-con-blanco-y-rojo","title":{"rendered":"Chamarra de piel para caballero, negro con blanco y rojo"},"content":{"rendered":"<p>Capar Exterior: 100% Piel Natural<\/p>\n<p>Capa Interior: Forro de malla expandible<\/p>\n<p>Chaleco calentador removible<\/p>\n<p>Talla: 46-54<\/p>\n<p>Tallas: S &#8211; M &#8211; L &#8211; XL<\/p>\n","protected":false},"excerpt":{"rendered":"<p>Esta chamarra deportiva de piel con protecciones contra impacto con certificaci\u00f3n CE en codos, hombros, espalda y joroba es perfecta para rodar en una moto deportiva garantizando tu seguridad. El corte es agresivo, pensado para una posici\u00f3n inclinada. Los detalles como los bolsillos en los laterales la convierten en una chamarra pr\u00e1ctica tanto arriba como abajo de la moto. La textura de malla interior asegura mantenerte fresco en cualquier situaci\u00f3n mientras que los m\u00faltiples ajustes garantizar\u00e1n acomodarse al cuerpo.<\/p>\n","protected":false},"featured_media":423,"comment_status":"open","ping_status":"closed","template":"","meta":[],"product_cat":[21],"product_tag":[],"_links":{"self":[{"href":"https:\/\/www.kromtekstore.com\/index.php?rest_route=\/wp\/v2\/product\/418"}],"collection":[{"href":"https:\/\/www.kromtekstore.com\/index.php?rest_route=\/wp\/v2\/product"}],"about":[{"href":"https:\/\/www.kromtekstore.com\/index.php?rest_route=\/wp\/v2\/types\/product"}],"replies":[{"embeddable":true,"href":"https:\/\/www.kromtekstore.com\/index.php?rest_route=%2Fwp%2Fv2%2Fcomments&post=418"}],"wp:featuredmedia":[{"embeddable":true,"href":"https:\/\/www.kromtekstore.com\/index.php?rest_route=\/wp\/v2\/media\/423"}],"wp:attachment":[{"href":"https:\/\/www.kromtekstore.com\/index.php?rest_route=%2Fwp%2Fv2%2Fmedia&parent=418"}],"wp:term":[{"taxonomy":"product_cat","embeddable":true,"href":"https:\/\/www.kromtekstore.com\/index.php?rest_route=%2Fwp%2Fv2%2Fproduct_cat&post=418"},{"taxonomy":"product_tag","embeddable":true,"href":"https:\/\/www.kromtekstore.com\/index.php?rest_route=%2Fwp%2Fv2%2Fproduct_tag&post=418"}],"curies":[{"name":"wp","href":"https:\/\/api.w.org\/{rel}","templated":true}]}}