{"id":143,"date":"2022-05-04T20:39:42","date_gmt":"2022-05-04T20:39:42","guid":{"rendered":"http:\/\/localhost:8888\/kromtekstore\/?post_type=product&#038;p=143"},"modified":"2024-11-21T00:00:52","modified_gmt":"2024-11-21T00:00:52","slug":"casco-cerrado-de-fibra-de-vidrio-con-doble-visera-negro-con-amarillo","status":"publish","type":"product","link":"https:\/\/www.kromtekstore.com\/?product=casco-cerrado-de-fibra-de-vidrio-con-doble-visera-negro-con-amarillo","title":{"rendered":"Speed Tek &#8220;Sun Ray&#8221;"},"content":{"rendered":"<section class=\"full-description\">\n<div class=\"full-description\">\n<p><strong>Coraza:<\/strong><\/p>\n<p>&#8211; Componente de Fibra de Carbono 3k y de Fibra Vidrio, de alta calidad<\/p>\n<p>&#8211; Resistente al impacto<\/p>\n<p>&#8211; Resistente a perforaci\u00f3n<\/p>\n<p><strong>Forro:<\/strong><\/p>\n<p>Microfibra de tacto agradable, c\u00f3modo y con respiraci\u00f3n, acolchonado interior y lateral con almohadillas interiores lavables y removibles.<\/p>\n<p><strong>Sistema de retenci\u00f3n:<\/strong><\/p>\n<p>Coj\u00edn de barbilla con broche de cierre en doble D.<\/p>\n<p><strong>Visor \u00f3pticamente superior:<\/strong><\/p>\n<p>Pantalla doble con vicera solar secundaria plegable que proporciona 95% de protecci\u00f3n UV.<\/p>\n<p><strong>Ventilaci\u00f3n:<\/strong><\/p>\n<p>Sistema de ventilaci\u00f3n eficiente con\u00a0una\u00a0entradas de aire frontal y superior con un conducto de salida en la parte posterior que permite una mejor disipaci\u00f3n de calor y mejor flujo de aire.<\/p>\n<p><strong>Certificaci\u00f3n:<\/strong><\/p>\n<p>DOT MVSSNo.218<\/p>\n<p><strong>EPS<\/strong>:<\/p>\n<p>Alta protecci\u00f3n interior con triple capa de poliestireno Expendido, que permite el aislamiento t\u00e9rmico y amortiguaci\u00f3n contra impactos.<\/p>\n<p>(Una coraza y tres EPS)<\/p>\n<p><strong>Talla:<\/strong><\/p>\n<p>S, M, L, XL<\/p>\n<p>&nbsp;<\/p>\n<\/div>\n<\/section>\n<section class=\"product-collateral\">\n<div class=\"product-specs-box\">\n<div class=\"title\"><strong>Especificaciones<\/strong><\/div>\n<div class=\"table-wrapper\">\n<table class=\"data-table\" style=\"height: 97px\" width=\"552\">\n<colgroup>\n<col width=\"25%\" \/>\n<col \/><\/colgroup>\n<tbody>\n<tr class=\"odd\">\n<td class=\"spec-name\">Material<\/td>\n<td class=\"spec-value\">Fibra de vidrio<\/td>\n<\/tr>\n<tr class=\"even\">\n<td class=\"spec-name\">Tipo<\/td>\n<td class=\"spec-value\">Integral\/Cerrado<\/td>\n<\/tr>\n<\/tbody>\n<\/table>\n<\/div>\n<\/div>\n<\/section>\n","protected":false},"excerpt":{"rendered":"<p>Este casco cerrado con doble visera de lentes obscuros y de protecci\u00f3n exterior garantiza la mayor protecci\u00f3n en todo tipo de situaciones al conducir. Las ventilas exteriores en la parte de arriba del casco y enfrente se pueden cerrar o abrir por completo para permitir el paso del aire de forma m\u00e1s natural, haci\u00e9ndolo un casco bien ventilado y pr\u00e1ctico para cualquier ocasi\u00f3n. El interior removible permite al piloto lavar el casco en su casa.<\/p>\n","protected":false},"featured_media":150,"comment_status":"open","ping_status":"closed","template":"","meta":[],"product_cat":[18,15],"product_tag":[],"_links":{"self":[{"href":"https:\/\/www.kromtekstore.com\/index.php?rest_route=\/wp\/v2\/product\/143"}],"collection":[{"href":"https:\/\/www.kromtekstore.com\/index.php?rest_route=\/wp\/v2\/product"}],"about":[{"href":"https:\/\/www.kromtekstore.com\/index.php?rest_route=\/wp\/v2\/types\/product"}],"replies":[{"embeddable":true,"href":"https:\/\/www.kromtekstore.com\/index.php?rest_route=%2Fwp%2Fv2%2Fcomments&post=143"}],"wp:featuredmedia":[{"embeddable":true,"href":"https:\/\/www.kromtekstore.com\/index.php?rest_route=\/wp\/v2\/media\/150"}],"wp:attachment":[{"href":"https:\/\/www.kromtekstore.com\/index.php?rest_route=%2Fwp%2Fv2%2Fmedia&parent=143"}],"wp:term":[{"taxonomy":"product_cat","embeddable":true,"href":"https:\/\/www.kromtekstore.com\/index.php?rest_route=%2Fwp%2Fv2%2Fproduct_cat&post=143"},{"taxonomy":"product_tag","embeddable":true,"href":"https:\/\/www.kromtekstore.com\/index.php?rest_route=%2Fwp%2Fv2%2Fproduct_tag&post=143"}],"curies":[{"name":"wp","href":"https:\/\/api.w.org\/{rel}","templated":true}]}}