{"id":111,"date":"2022-05-04T15:40:31","date_gmt":"2022-05-04T15:40:31","guid":{"rendered":"http:\/\/localhost:8888\/kromtekstore\/?post_type=product&#038;p=111"},"modified":"2026-01-16T21:59:10","modified_gmt":"2026-01-16T21:59:10","slug":"casco-modular-con-doble-visera-amarillo","status":"publish","type":"product","link":"https:\/\/www.kromtekstore.com\/?product=casco-modular-con-doble-visera-amarillo","title":{"rendered":"Shield Tek &#8220;Safety&#8221;"},"content":{"rendered":"<section class=\"full-description\">\n<div class=\"full-description\">\n<p><strong>Coraza:<\/strong><\/p>\n<p>-Termopl\u00e1stico de alta calidad.<\/p>\n<p>&#8211; Resistente al impacto<\/p>\n<p>&#8211; Resistente a perforaci\u00f3n<\/p>\n<p><strong>Forro:<\/strong><\/p>\n<p>C\u00f3modo y con respiraci\u00f3n, removible y lavable<\/p>\n<p><strong>Sistema de retenci\u00f3n:<\/strong><\/p>\n<p>Coj\u00edn de barbilla con broche de cierre en doble D.<\/p>\n<p><strong>Visor \u00f3pticamente superior:<\/strong><\/p>\n<p>Pantalla doble vicera que proporciona 95% de protecci\u00f3n UV.<\/p>\n<p><strong>Ventilaci\u00f3n:<\/strong><\/p>\n<p>M\u00e1ximo flujo de aire mediante ventilaci\u00f3n de m\u00faltiples canales.<\/p>\n<p><strong>Certificaci\u00f3n:<\/strong><\/p>\n<p>DOT FMVSS No. 218.<\/p>\n<p><strong>EPS:<\/strong><\/p>\n<p>Alta protecci\u00f3n interior con triple capa de poliestireno expandido, que permite el aislamiento\u00a0 t\u00e9rmico y amortiguaci\u00f3n contra impactos.<\/p>\n<p>(dos coraza y tres EPS)<\/p>\n<p><strong>Talla:<\/strong><\/p>\n<p>S, M,<\/p>\n<p>&nbsp;<\/p>\n<\/div>\n<\/section>\n<section class=\"product-collateral\">\n<div class=\"product-specs-box\"><\/div>\n<\/section>\n","protected":false},"excerpt":{"rendered":"<p>Este casco abierto 3\/4 de aspecto deportivo es ideal para usarse en un scooter o maxi scooter, con su doble mica (lentes obscuros y mica exterior de seguridad que llega hasta la barbilla) es sumamente pr\u00e1ctico y cuenta con un tama\u00f1o para guardarse f\u00e1cilmente en los compartimentos de este tipo de motocicletas. Cuenta con ventilaciones en la parte superior que garantizan una mejor circulaci\u00f3n y extracci\u00f3n del aire caliente en climas c\u00e1lidos. El color Hi-Visibility permite tener mayor seguridad al conducir en situaciones de poca visibilidad. El interior del casco es f\u00e1cil de remover para lavar en casa.<\/p>\n","protected":false},"featured_media":116,"comment_status":"open","ping_status":"closed","template":"","meta":[],"product_cat":[18,15],"product_tag":[],"_links":{"self":[{"href":"https:\/\/www.kromtekstore.com\/index.php?rest_route=\/wp\/v2\/product\/111"}],"collection":[{"href":"https:\/\/www.kromtekstore.com\/index.php?rest_route=\/wp\/v2\/product"}],"about":[{"href":"https:\/\/www.kromtekstore.com\/index.php?rest_route=\/wp\/v2\/types\/product"}],"replies":[{"embeddable":true,"href":"https:\/\/www.kromtekstore.com\/index.php?rest_route=%2Fwp%2Fv2%2Fcomments&post=111"}],"wp:featuredmedia":[{"embeddable":true,"href":"https:\/\/www.kromtekstore.com\/index.php?rest_route=\/wp\/v2\/media\/116"}],"wp:attachment":[{"href":"https:\/\/www.kromtekstore.com\/index.php?rest_route=%2Fwp%2Fv2%2Fmedia&parent=111"}],"wp:term":[{"taxonomy":"product_cat","embeddable":true,"href":"https:\/\/www.kromtekstore.com\/index.php?rest_route=%2Fwp%2Fv2%2Fproduct_cat&post=111"},{"taxonomy":"product_tag","embeddable":true,"href":"https:\/\/www.kromtekstore.com\/index.php?rest_route=%2Fwp%2Fv2%2Fproduct_tag&post=111"}],"curies":[{"name":"wp","href":"https:\/\/api.w.org\/{rel}","templated":true}]}}